/(-30). Suppose l = 3*i - 5. Let k(z) = -z**3 + 3*z**2 - z - 1. Give k(i).
1
Let o(t) = -3. Let i(x) = x - 1. Suppose -5*b - g + 25 = 0, -25 = -5*b - 0*b + 2*g. Suppose 9*c - d = 4*c, 2*d = b*c + 5. Let u(w) = c*i(w) - o(w). Give u(6).
8
Let w(l) = 34*l**2 + l - 3*l**3 - 39*l**2 + 2*l**3. Suppose -1 = f - 4. Suppose -5*z + f*z = 10. Give w(z).
-5
Suppose -2*a = -3*z - 6, -5*a - z + 6 = -9. Let s(d) = 5*d**2 - 5 + 493*d - d**a + 1 - 496*d. Calculate s(4).
0
Let y(j) = 41*j - 1. Let f be (40/(-80))/(1/2). Calculate y(f).
-42
Let h = 0 + 11. Let l(y) = 3*y + y**2 - 2 + h*y**2 + 3*y**2 - 13*y**2. What is l(-3)?
7
Let z(r) = 13*r - 1. Let q(u) = 3*u - 1. Let o be q(2). Suppose o - 1 = s. Suppose 1 - s = -3*i. What is z(i)?
12
Let d(t) = -5*t - 5 + 6*t + 0. Let q be d(5). Let z be q/(-3)*1/1. Let p(l) = l**2 - l - 8. What is p(z)?
-8
Let r(a) = 11*a**3 - 2*a**2 - 18*a + 6. Let t(z) = 5*z**3 - 8*z + 2. Let c(v) = 4*r(v) - 9*t(v). Calculate c(-8).
6
Let m(g) = g + 4. Let w(j) = -7*j - 34. Let h(d) = -5*m(d) - w(d). Determine h(-7).
0
Let v(k) = -k**3 + 0*k**3 - 7*k**2 + 1 + 2*k**2 - k. Suppose -5*u - 11 = -3*u + 3*c, c = -5*u + 5. Let i be u/3*(-30)/4. What is v(i)?
6
Let b(r) = -2*r**2 + 7*r + 8. Suppose -2*v + 18 = 4. Let t be v - (6/2 + 2 + -4). Give b(t).
-22
Let z(r) = -r - 2. Let m(p) = -2*p - 1. Let i(a) = a**3 + 8*a**2 - 2. Let g be i(-8). Let j be m(g). Suppose 15 = 2*k - j*v, 4*v = -3*k + k + 8. Determine z(k).
-8
Suppose 25*a = -127 - 48. Let l(y) = y**2 + 11*y + 28. Give l(a).
0
Suppose -3*l = 2*i + 2*l - 57, -4*i + 2*l = -102. Let x = i + -31. Let g(a) = 9 - a + 2 + 2*a. Give g(x).
6
Let s(t) = 3*t - 1. Let q be (0 - -1)*1*-27. Let a(y) = -3*y - 11. Let n be a(-3). Let k be ((-18)/q)/(n/6). Determine s(k).
-7
Suppose -5*j = 2*a + 58 - 23, -2*j + 5 = -3*a. Let l(d) = -d**3 - 7*d**2 - 6*d + 5. What is l(a)?
-15
Let x be 20/40*(-4)/2. Let p(t) = 8*t - 1. What is p(x)?
-9
Let c(o) be the first derivative of o**2 + o + 23. Let k = -12 - -15. Suppose -k = -p + 2*p. Determine c(p).
-5
Suppose -45*z - 108 = -51*z. Let s(a) = -a + 14. Give s(z).
-4
Let t(f) = -f**3 + 11*f**2 + f - 15. Let b be 0/2 + 6 + (12 - 7). Give t(b).
-4
Let i(h) = -4*h + 6. Let x(o) = -3*o + 5. Let b(w) = -2*i(w) + 3*x(w). What is b(7)?
-4
Let b(s) = -s. Let f be (20/30)/((-2)/(-9)). Suppose -17 = 7*r - f. Let v be -1*(-3)/r*2. Give b(v).
3
Let o(g) = -2*g**2 - g - 1. Suppose -11*s = 123 - 145. Calculate o(s).
-11
Let z(f) be the second derivative of -f**5/20 - 7*f**4/12 - 5*f**3/6 - 5*f**2/2 + 158*f + 1. What is z(-6)?
-11
Let c(a) be the second derivative of a**3/6 - 13*a**2/2 + 156*a. What is c(18)?
5
Let o = -10 + 13. Let i(s) = 4*s - 8. Let u be i(o). Let m(z) = 19 + z**3 + 5*z**2 + u*z**2 + 3*z - 15 - 3*z**2. Give m(-6).
-14
Let j(k) = 2*k. Let o(m) = m**3 + 7*m**2 - 3*m + 1. Let q(i) = -3*j(i) - o(i). Give q(-5).
-36
Suppose 30*q + 1028 - 1088 = 0. Let o(k) = -2*k**3 + k**2 + k - 2. Give o(q).
-12
Let v(g) = g**2 - g + 2. Let k be v(0). Suppose 0 = k*a + 3*a - 2*m - 10, 0 = 5*a + 5*m + 25. Suppose -3*p + 1 + 2 = a. Let q(r) = 5*r**2 + 2*r - 1. Give q(p).
6
Let s(k) = -k**3 - 2*k**2 + k - 7. Suppose -11*m - 8 = -15*m, 2*m + 2 = -2*b. Give s(b).
-1
Let l(j) = -j**2 + 5*j + 2. Let w(b) = -5*b - 17. Let p be w(-7). Suppose -30 = z + 5*a - 2, -3*a = z + p. Let y be 2/z + (-20)/(-3). Give l(y).
-4
Let a(u) be the second derivative of u**5/20 - 7*u**4/4 + 7*u**3/2 - 11*u**2/2 + u - 404. Give a(20).
9
Let d(r) = 1 - 17540*r - 2*r**2 - 13*r**2 + 17538*r. Calculate d(2).
-63
Suppose 0 = -k + z - 1 + 3, -5*k = 3*z + 30. Let s(h) = 3*h + 3. Calculate s(k).
-6
Let k be 513/(-36) - 2/(-8). Let q = -8 - k. Let n be (-50)/q + (-8)/(-6). Let p(y) = -y**2 - 8*y - 1. Give p(n).
6
Let h = -56 + 146. Suppose 4*p + 4*j = 72, -3*j + 2*j = 5*p - h. Let u(v) = -5*v**3 + 2*v - 2*v - v**2 + p*v**3. Determine u(-1).
-14
Let w(k) = k**3 + 6*k**2 + 5*k + 2. Let t be w(-5). Suppose -t*r + 1 = -1. Let s(n) = -n**3 - 8*n**3 - n**2 + 3*n**3. Give s(r).
-7
Suppose 2*w + 4 = 0, -3*w - 19 = -3*j + 17. Let c(o) = o**3 - 10*o**2 - o + 4. Calculate c(j).
-6
Let h(l) be the third derivative of -l**6/60 - l**5/30 + l**3/6 - 2*l**2. Let g(w) = 23 - w**2 - 4 - 2*w - w. Let y be g(-6). Give h(y).
-3
Let o(b) = 2*b**3 - 2*b**2 - b + 1. Suppose 2*t + 3 = 5*s - 3, 4*s - 5*t = -2. What is o(s)?
7
Let y be (242/(-55))/(7/(-5) + 1). Let k(i) = i**3 - 12*i**2 + 9*i + 13. What is k(y)?
-9
Suppose -10 = -3*p + 17. Suppose -8*h = -11*h + p. Let u(d) = d**3 - 4*d**2 + 4*d + 1. What is u(h)?
4
Let l = 467 + -463. Let s(r) be the third derivative of 1/6*r**3 + 0*r + 8*r**2 + 0 - 1/24*r**l. Calculate s(6).
-5
Let k(a) = a + 3. Suppose 3*d - 5*z = 46, -7*d - 4*z - 55 = -12*d. Give k(d).
10
Suppose 5*u + 1 = -4*l, 2*u - 25 = 7*u. Let v(i) = 8*i**2 - 8*i - 3. Let d(y) = 7*y**2 - 8*y - 2. Let o(t) = 7*d(t) - 6*v(t). Determine o(l).
-8
Let k(t) = t**3 - t**2 - 1. Let a(d) = 3*d**3 - 2*d**2 + 8*d - 10. Let j(n) = a(n) - 4*k(n). Determine j(4).
-6
Let h(r) = r - 1. Let o(y) = 3*y - 3. Let b(c) = -2*h(c) + o(c). Let f be (-35)/14*(-4)/5. Let z be 24/f*(-8)/(-16). Determine b(z).
5
Suppose 7 = -q - 0. Let t be (-23)/q + 6/(-21). Let w(z) = -3*z**2 + 11*z - 12. Let a(d) = 2*d**2 - 7*d + 8. Let r(p) = -8*a(p) - 5*w(p). Give r(t).
-10
Let w = -6 + 16. Suppose 0 = 5*r - w*r + 20. Let x(u) = 3*u - 4. Calculate x(r).
8
Let o(y) = -y**2 - 6*y + 11. Let g be o(-8). Let t(s) be the first derivative of -s**4/4 - 2*s**3 - s**2 - 3*s - 581. Determine t(g).
-18
Let g(n) = -3*n - 2*n + 33789 - 33802. Calculate g(-7).
22
Let a(v) be the second derivative of -v**3/6 - 3*v**2 - v. Let l be a(-6). Let f(y) be the first derivative of -y**2/2 - 3*y + 3. Calculate f(l).
-3
Let y(j) = 16*j**2 + 1. Let h(o) = -o**3 - 3*o - 3. Let i be h(-1). Calculate y(i).
17
Let x = 6 - 2. Suppose -3*z - 6 = n + 3, 3*z = -x*n. Let p(m) = -m**3 + 3*m**2 - 4*m + 2. Give p(n).
-10
Let b(k) = -56 - 5*k - 20*k + 112 - 57. Calculate b(-2).
49
Let j = -13 + 13. Suppose -2*k + j = -10. Suppose -k*w + 18 = -2*w. Let y(l) = -l + 5. Determine y(w).
-1
Let a(b) = -68 - 8*b + 3*b**2 + 66 - b**2. Determine a(6).
22
Let h(l) = -7 + 0*l**2 - l**2 - 7 + 9*l + 4 + 0*l**2. Calculate h(6).
8
Let w(c) = -c - 7. Let j be 12/30 + (-6)/(-10). Suppose g + j = 3. Suppose -g*u + 30 = -7*u. What is w(u)?
-1
Suppose -3*o - 6 = 0, -4*k + 3*o + 411 = k. Let c = 74 - k. Let i(h) = -h**2 - 7*h + 5. What is i(c)?
5
Let i be 184/(-138)*(2 + 1). Let o(t) = -t**3 - 3*t**2 + 2*t - 3. Give o(i).
5
Let i(l) = 16*l**2 + l - 1. Let n be i(1). Let s = 18 - n. Let u(j) = -4*j**2 + 3*j**s + 0*j + 3*j. Determine u(4).
-4
Let i(u) = u**2 - u. Let a be i(-1). Suppose 2 + 4 = a*g. Let h(o) be the second derivative of -o**4/12 + o**3/2 + 2*o**2 + 152*o + 8. Determine h(g).
4
Let d(p) = 5*p**2 + 4*p - 1. Let v(r) = 8*r**2 + 9*r - 3. Let i(q) = -5*d(q) + 3*v(q). Give i(3).
8
Let f(g) = -g - 8*g + g**3 - 2*g**3 + 6 + 3*g + 5*g**2 + 0*g**3. What is f(4)?
-2
Let q be (-38)/(-10) - (-9)/45. Suppose -q*o + 40 = 4*s, 0*s - 25 = -o - 4*s. Let y(c) = -c + 4. Let z(m) = -3. Let g(i) = 4*y(i) + 3*z(i). Determine g(o).
-13
Let d(l) = l**2 + 2*l - 1. Let h(b) = -b**3 + 4*b**2 + 10*b - 9. Let v(i) = -6*d(i) + h(i). What is v(-2)?
1
Let l(p) be the first derivative of -p + 4. Suppose 0 = -5*s + 4*s + 1. Let v(o) = o - 6. Let z(k) = s*l(k) - v(k). Calculate z(6).
-1
Let v(o) be the first derivative of 2*o**2 - 6 - 6 + 6*o - 5*o. Give v(-1).
-3
Let p(z) = -z**2 + 6*z + 1. Suppose x - 136 + 156 = 5*b, -4*b - 5*x - 13 = 0. Calculate p(b).
10
Let u(f) be the third derivative of f**4/24 + f**3/3 - 4*f**2. Let o be -3 + (2 - (-3 + (-4)/(-1))). Determine u(o).
0
Let x = 182 - 102. Let p = -79 + x. Let b(l) = 12*l - 1. What is b(p)?
11
Let c(u) = -u**2 + 7*u + 21. Let p be c(9). Let z(a) = 9*a**p - 4 - 8*a**3 + 8*a**2 - 1. What is z(-8)?
-5
Let s(u) = -17*u**2 - 2*u + 15*u**2 + 6 - 7 + 0. Let o(x) = x**2 + 3*x + 1. Let y be o(-2). What is s(y)?
-1
Let z(h) be the second derivative of -h**3/6 + h**2/2 + 104*h. Calculate z(-3).
4
Let c(d) = 7*d**3 - d**2 + 4*d - 3. Suppose 33 = -20*m + 53. What is c(m)?
7
Suppose -5*s = -10 + 90. Let k(j) = j**2 + 13*j - 38. Give k(s).
10
Let o(s) = -s**3 + 8*s**2 + 7*s + 9. Suppose -5*f = -4*l - 12, -f + 8*